ed by 6634?
0
Calculate the remainder when 50221 is divided by 5016.
61
What is the remainder when 63487 is divided by 572?
567
What is the remainder when 16392 is divided by 299?
246
What is the remainder when 135717 is divided by 158?
153
Calculate the remainder when 3894 is divided by 20.
14
What is the remainder when 30996 is divided by 138?
84
What is the remainder when 52632 is divided by 167?
27
What is the remainder when 13686 is divided by 263?
10
What is the remainder when 1539 is divided by 383?
7
What is the remainder when 17389 is divided by 37?
36
Calculate the remainder when 244 is divided by 61.
0
Calculate the remainder when 139024 is divided by 11.
6
What is the remainder when 107384 is divided by 342?
338
What is the remainder when 477629 is divided by 45?
44
Calculate the remainder when 32742 is divided by 2338.
10
What is the remainder when 46838 is divided by 5204?
2
Calculate the remainder when 12975 is divided by 86.
75
What is the remainder when 59019 is divided by 130?
129
What is the remainder when 52119 is divided by 1372?
1355
Calculate the remainder when 2296702 is divided by 16.
14
What is the remainder when 703 is divided by 75?
28
What is the remainder when 383544 is divided by 64?
56
What is the remainder when 1306 is divided by 198?
118
Calculate the remainder when 21118 is divided by 15.
13
Calculate the remainder when 144087 is divided by 43.
37
What is the remainder when 59640 is divided by 33?
9
Calculate the remainder when 10350 is divided by 2307.
1122
Calculate the remainder when 1018 is divided by 290.
148
What is the remainder when 28071 is divided by 9348?
27
Calculate the remainder when 2480959 is divided by 356.
351
Calculate the remainder when 146361 is divided by 85.
76
Calculate the remainder when 37038 is divided by 4616.
110
Calculate the remainder when 39734 is divided by 79.
76
What is the remainder when 3546748 is divided by 25?
23
What is the remainder when 110258 is divided by 78?
44
What is the remainder when 31738 is divided by 256?
250
Calculate the remainder when 229275 is divided by 17.
13
Calculate the remainder when 267516 is divided by 281.
4
What is the remainder when 321194 is divided by 200?
194
What is the remainder when 10515 is divided by 37?
7
Calculate the remainder when 7142 is divided by 18.
14
What is the remainder when 2223 is divided by 715?
78
Calculate the remainder when 9662 is divided by 142.
6
Calculate the remainder when 19345 is divided by 2763.
4
Calculate the remainder when 20178 is divided by 469.
11
Calculate the remainder when 9260 is divided by 1315.
55
What is the remainder when 7398 is divided by 3683?
32
What is the remainder when 7244 is divided by 3574?
96
What is the remainder when 192382 is divided by 84?
22
What is the remainder when 94389 is divided by 456?
453
Calculate the remainder when 201096 is divided by 9575.
21
Calculate the remainder when 63375 is divided by 136.
135
What is the remainder when 324607 is divided by 639?
634
What is the remainder when 19460 is divided by 19347?
113
What is the remainder when 23941 is divided by 3987?
19
Calculate the remainder when 7294 is divided by 3185.
924
Calculate the remainder when 217498 is divided by 174.
172
What is the remainder when 429784 is divided by 130?
4
What is the remainder when 610047 is divided by 75?
72
Calculate the remainder when 9518 is divided by 1169.
166
Calculate the remainder when 166632 is divided by 69.
66
Calculate the remainder when 46436 is divided by 2731.
9
What is the remainder when 33709 is divided by 212?
1
Calculate the remainder when 2711 is divided by 256.
151
What is the remainder when 309873 is divided by 434?
431
Calculate the remainder when 4271 is divided by 3844.
427
Calculate the remainder when 14195 is divided by 1088.
51
What is the remainder when 193569 is divided by 270?
249
What is the remainder when 562874 is divided by 23453?
2
Calculate the remainder when 72068 is divided by 11.
7
What is the remainder when 1941 is divided by 132?
93
What is the remainder when 14843 is divided by 116?
111
Calculate the remainder when 5430 is divided by 1797.
39
What is the remainder when 233153 is divided by 154?
151
Calculate the remainder when 14513 is divided by 7249.
15
What is the remainder when 124516 is divided by 158?
12
What is the remainder when 64217 is divided by 75?
17
Calculate the remainder when 867232 is divided by 2136.
16
Calculate the remainder when 361624 is divided by 36162.
4
Calculate the remainder when 81497 is divided by 2.
1
What is the remainder when 41015 is divided by 43?
36
Calculate the remainder when 6350631 is divided by 127.
123
Calculate the remainder when 5028 is divided by 115.
83
What is the remainder when 301598 is divided by 29?
27
What is the remainder when 12546 is divided by 34?
0
Calculate the remainder when 1533012 is divided by 32.
20
Calculate the remainder when 1484 is divided by 348.
92
Calculate the remainder when 33972 is divided by 21.
15
What is the remainder when 1486 is divided by 27?
1
Calculate the remainder when 3435 is divided by 42.
33
Calculate the remainder when 535377 is divided by 10.
7
What is the remainder when 151786 is divided by 1432?
1426
What is the remainder when 9924 is divided by 117?
96
What is the remainder when 2641 is divided by 176?
1
What is the remainder when 7508 is divided by 1820?
228
What is the remainder when 17545 is divided by 1595?
0
Calculate the remainder when 10960 is divided by 203.
201
Calculate the remainder when 2593 is divided by 839.
76
Calculate the remainder when 3482 is divided by 1138.
68
Calculate the remainder when 2485 is divided by 40.
5
What is the remainder when 55381 is divided by 7910?
11
Calculate the remainder when 12926 is divided by 139.
138
What is the remainder when 1277 is divided by 34?
19
Calculate the remainder when 6359 is divided by 6315.
44
What is the remainder when 9028 is divided by 408?
52
Calculate the remainder when 21484 is divided by 653.
588
Calculate the remainder when 32300 is divided by 4217.
2781
Calculate the remainder when 4954 is divided by 827.
819
What is the remainder when 313989 is divided by 267?
264
What is the remainder when 6152 is divided by 6126?
26
What is the remainder when 99945 is divided by 118?
117
Calculate the remainder when 6187 is divided by 270.
247
What is the remainder when 80885 is divided by 70?
35
Calculate the remainder when 280546 is divided by 1594.
2
Calculate the remainder when 3463 is divided by 19.
5
What is the remainder when 1496 is divided by 1386?
110
Calculate the remainder when 65386 is divided by 78.
22
What is the remainder when 182384 is divided by 26052?
20
Calculate the remainder when 213146 is divided by 213142.
4
What is the remainder when 18771 is divided by 6256?
3
What is the remainder when 2734 is divided by 56?
46
Calculate the remainder when 13691 is divided by 81.
2
What is the remainder when 8364 is divided by 654?
516
Calculate the remainder when 69953 is divided by 17.
15
What is the remainder when 1563262 is divided by 2365?
2362
Calculate the remainder when 59735 is divided by 12.
11
Calculate the remainder when 2634 is divided by 519.
39
Calculate the remainder when 331034 is divided by 133.
130
What is the remainder when 651431 is divided by 100?
31
Calculate the remainder when 11909 is divided by 1486.
21
What is the remainder when 38678 is divided by 862?
750
What is the remainder when 2225 is divided by 451?
421
Calculate the remainder when 1228673 is divided by 59.
57
Calculate the remainder when 326 is divided by 111.
104
What is the remainder when 3602134 is divided by 1141?
1138
What is the remainder when 9770 is divided by 1082?
32
What is the remainder when 827 is divided by 144?
107
Calculate the remainder when 2094075 is divided by 619.
617
What is the remainder when 43209 is divided by 226?
43
Calculate the remainder when 1172517 is divided by 90.
87
Calculate the remainder when 4815974 is divided by 22.
20
Calculate the remainder when 301242 is divided by 453.
450
What is the remainder when 100924 is divided by 189?
187
Calculate the remainder when 912 is divided by 457.
455
Calculate the remainder when 12434 is divided by 2485.
9
Calculate the remain